s digit of 5181699?
8
What is the hundred thousands digit of 9797359?
7
What is the hundreds digit of 30371?
3
What is the thousands digit of 1558341?
8
What is the hundred thousands digit of 1960362?
9
What is the units digit of 380019?
9
What is the ten thousands digit of 1366141?
6
What is the hundred thousands digit of 6117651?
1
What is the hundreds digit of 723575?
5
What is the hundreds digit of 5859058?
0
What is the units digit of 14412089?
9
What is the hundreds digit of 1786654?
6
What is the units digit of 1833475?
5
What is the ten thousands digit of 215550?
1
What is the units digit of 388003?
3
What is the tens digit of 1557235?
3
What is the ten thousands digit of 1112358?
1
What is the thousands digit of 917345?
7
What is the ten thousands digit of 13252360?
5
What is the hundred thousands digit of 1348255?
3
What is the thousands digit of 168988?
8
What is the hundreds digit of 203221?
2
What is the tens digit of 2627217?
1
What is the ten thousands digit of 13741050?
4
What is the tens digit of 2128922?
2
What is the hundred thousands digit of 832200?
8
What is the hundreds digit of 3198862?
8
What is the thousands digit of 8329974?
9
What is the units digit of 193508?
8
What is the units digit of 1961446?
6
What is the hundreds digit of 101394?
3
What is the ten thousands digit of 262477?
6
What is the units digit of 9871732?
2
What is the hundreds digit of 650012?
0
What is the hundred thousands digit of 1598289?
5
What is the tens digit of 429336?
3
What is the units digit of 756886?
6
What is the thousands digit of 311095?
1
What is the hundred thousands digit of 3989677?
9
What is the hundred thousands digit of 7780412?
7
What is the tens digit of 15170124?
2
What is the hundred thousands digit of 292034?
2
What is the ten thousands digit of 13313231?
1
What is the hundreds digit of 25574141?
1
What is the ten thousands digit of 6021832?
2
What is the units digit of 11055980?
0
What is the units digit of 1509876?
6
What is the thousands digit of 58879?
8
What is the hundreds digit of 42062?
0
What is the units digit of 208409?
9
What is the tens digit of 186473?
7
What is the units digit of 7944639?
9
What is the units digit of 361676?
6
What is the units digit of 593858?
8
What is the units digit of 18074862?
2
What is the hundred thousands digit of 1266521?
2
What is the hundred thousands digit of 3294418?
2
What is the hundred thousands digit of 1832986?
8
What is the thousands digit of 126609?
6
What is the units digit of 1822448?
8
What is the hundred thousands digit of 290484?
2
What is the hundreds digit of 3314174?
1
What is the tens digit of 281576?
7
What is the hundreds digit of 7459?
4
What is the units digit of 9483?
3
What is the thousands digit of 1138524?
8
What is the tens digit of 19468188?
8
What is the units digit of 138706?
6
What is the units digit of 3110357?
7
What is the hundred thousands digit of 6758376?
7
What is the tens digit of 13053238?
3
What is the units digit of 5199576?
6
What is the units digit of 746092?
2
What is the tens digit of 304707?
0
What is the hundreds digit of 8065062?
0
What is the millions digit of 3457201?
3
What is the hundreds digit of 4303941?
9
What is the hundred thousands digit of 322266?
3
What is the ten thousands digit of 6525563?
2
What is the hundred thousands digit of 392230?
3
What is the hundred thousands digit of 352277?
3
What is the units digit of 89619?
9
What is the tens digit of 1620377?
7
What is the hundred thousands digit of 3234895?
2
What is the millions digit of 1348519?
1
What is the units digit of 2148974?
4
What is the hundreds digit of 1517744?
7
What is the thousands digit of 659271?
9
What is the hundreds digit of 252919?
9
What is the thousands digit of 60938?
0
What is the millions digit of 6258435?
6
What is the hundred thousands digit of 5678231?
6
What is the ten thousands digit of 541639?
4
What is the hundred thousands digit of 1046674?
0
What is the millions digit of 4861841?
4
What is the thousands digit of 4278914?
8
What is the hundreds digit of 3223880?
8
What is the ten thousands digit of 14874552?
7
What is the millions digit of 2026825?
2
What is the ten thousands digit of 765018?
6
What is the tens digit of 7562?
6
What is the tens digit of 1227020?
2
What is the ten thousands digit of 30745633?
4
What is the millions digit of 2173639?
2
What is the hundreds digit of 1316714?
7
What is the units digit of 2080257?
7
What is the hundred thousands digit of 594381?
5
What is the hundred thousands digit of 369087?
3
What is the hundred thousands digit of 4799931?
7
What is the tens digit of 1263914?
1
What is the tens digit of 134295?
9
What is the ten thousands digit of 102936?
0
What is the millions digit of 3310991?
3
What is the ten thousands digit of 35195552?
9
What is the ten thousands digit of 756673?
5
What is the thousands digit of 4411671?
1
What is the thousands digit of 524716?
4
What is the hundred thousands digit of 5611677?
6
What is the ten thousands digit of 2593843?
9
What is the units digit of 505693?
3
What is the thousands digit of 982324?
2
What is the ten thousands digit of 362792?
6
What is the hundreds digit of 1923396?
3
What is the hundreds digit of 1725127?
1
What is the tens digit of 209860?
6
What is the ten thousands digit of 1922167?
2
What is the ten millions digit of 15867999?
1
What is the tens digit of 1325364?
6
What is the hundreds digit of 608288?
2
What is the tens digit of 1536227?
2
What is the tens digit of 217991?
9
What is the ten thousands digit of 457309?
5
What is the hundreds digit of 6995832?
8
What is the units digit of 4344788?
8
What is the tens digit of 473128?
2
What is the hundreds digit of 1950262?
2
What is the units digit of 5909?
9
What is the thousands digit of 4371144?
1
What is the thousands digit of 2172687?
2
What is the tens digit of 56595?
9
What is the hundred thousands digit of 1064638?
0
What is the tens digit of 835343?
4
What is the units digit of 21023153?
3
What is the tens digit of 3181135?
3
What is the hundreds digit of 215256?
2
What is the tens digit of 432303?
0
What is the units digit of 886593?
3
What is the tens digit of 3863919?
1
What is the hundreds digit of 763868?
8
What is the thousands digit of 575752?
5
What is the tens digit of 3145477?
7
What is the ten thousands digit of 18517967?
1
What is the tens digit of 111202?
0
What is the hundreds digit of 742553?
5
What is the millions digit of 2848897?
2
What is the ten thousands digit of 36748?
3
What is the hundred thousands digit of 1832268?
8
What is the ten thousands digit of 314859?
1
What is the hundreds digit of 16225118?
1
What is the thousands digit of 331064?
1
What is the millions digit of 42915426?
2
What is the tens digit of 1574228?
2
What is the hundred thousands digit of 8864059?
8
What is the hundred thousands digit of 1807697?
8
What is the hundreds digit of 732413?
4
What is the units digit of 328038?
8
What is the hundreds digit of 1687869?
8
What is the tens digit of 8841712?
1
What is the tens digit of 1392559?
5
What is the hundreds digit of 6646261?
2
What is the thousands digit of 4386027?
6
What is the thousands digit of 98338?
8
What is the thousands digit of 3546275?
6
What is the tens digit of 1650941?
4
What is the tens digit of 172924?
2
What is the hundred thousands digit of 22160663?
1
What is the units digit of 10552?
2
What is the units digit of 3982978?
8
What is the thousands digit of 715805?
5
What is the tens digit of 234429?
2
What is the hundred thousands digit of 440960?
4
What is the hundred thousands digit of 2762724?
7
What is the hundred thousands digit of 15840355?
8
What is the units digit of 358202?
2
What is the hundreds digit of 4545975?
9
What is the thousands digit of 8362094?
2
What is the ten millions digit of 22781984?
2
What is the hundreds digit of 3388109?
1
What is the ten thousands digit of 3451211?
5
What is the tens digit of 701298?
9
What is the hundred thousands digit of 235216?
2
What is the units digit of 5635391?
1
What is the ten thousands digit of 2119535?
1
What is the millions digit of 40288745?
0
What is the thousands digit of 209347?
9
What is the ten millions digit of 32310601?
3
What is the hundred thousands d